 861 = 3*p + 2*p - 3*x, 682 = 4*p + x. What are the prime factors of p?
3, 19
Let r(d) = -2*d - 6. Let w be r(-5). Let h = 7 - w. Suppose 2*u + h*m - 8 = -m, -3*u = 5*m - 12. What are the prime factors of u?
2
Let r(w) = -w**2 + 13*w - 29. What are the prime factors of r(9)?
7
List the prime factors of (-16 + 12)/(0 - 1).
2
Suppose -9 = -3*l + 3. Suppose 5*g = -l*u + 95, -u - 4*g + 16 = -16. What are the prime factors of u?
2, 5
Let t(j) = j. Let g(u) = 4*u - 5. Let f(p) = -g(p) + 5*t(p). Suppose -2*r + 2 = -3*v, 0 = 8*v - 3*v - 10. List the prime factors of f(r).
3
Suppose -g - 44 = 3*h, -48 = 4*h - g - 3*g. Let l be 54/7 + (-4)/h. Let u = l - -11. What are the prime factors of u?
19
Suppose 4*t = 0, c - 36 = t - 3*t. List the prime factors of c.
2, 3
Let u = -48 + 147. What are the prime factors of u?
3, 11
Suppose 0 = 3*c - 2*c - 26. Let t = c - 15. List the prime factors of t.
11
Suppose 3*s + d = 3*d + 52, 0 = -s + 4*d + 4. What are the prime factors of s?
2, 5
Let j(o) = 7. Let m(z) = z + 36. Let t(n) = -11*j(n) + 2*m(n). List the prime factors of t(9).
13
Suppose 3*k + 3*q = -3, q = 5*k - 2*q + 29. What are the prime factors of k/6 - 164/(-12)?
13
Suppose 4*u = 16, -x - 4*u + 5*u = -259. List the prime factors of x.
263
Suppose 0 = 3*y - r - 64, -4*y + r + 43 = -2*y. Suppose y = 3*o - 33. List the prime factors of o.
2, 3
Suppose 3*f + 347 = 4*i - 1385, 4*i + 3*f = 1732. What are the prime factors of i?
433
List the prime factors of ((-30)/24 - 4)*-48.
2, 3, 7
Let g = -99 - -188. List the prime factors of g.
89
Let x(s) = -2*s + 0 + 0. Suppose 0 = 11*n + 119 - 42. List the prime factors of x(n).
2, 7
Let n(c) = 5*c - c**3 + 2*c**2 + 2*c**2 - 1 - 4*c. Let j = 7 - 4. List the prime factors of n(j).
11
Suppose -3 = m + 5*y - 2*y, -20 = 5*y. Suppose -m = 3*j - 30. What are the prime factors of j?
7
Let y(h) = -h + 7. Let q be y(3). Suppose -11 = q*l + 1, 61 = 2*g - l. List the prime factors of g.
29
Let h(k) = k - 7. Let o be h(3). List the prime factors of (-39)/o + 18/(-24).
3
Let f(q) = -q - 5. Let l be f(0). Let s(p) = -6*p + 5. What are the prime factors of s(l)?
5, 7
Suppose 0 = -4*j + 17 + 23. Let u = j + -4. Let y = 13 - u. List the prime factors of y.
7
Let q(z) = -3*z**2 - 8*z + 8. Let m(d) = 4*d**2 + 8*d - 9. Let i(y) = -4*m(y) - 5*q(y). Let u be i(7). Let r = 5 + u. What are the prime factors of r?
2
What are the prime factors of 15/(-60) + 362/8?
3, 5
What are the prime factors of 51/5*(-30)/(-9)?
2, 17
Let z be 2 - (0 + -3 + 1). Suppose 0 = l + 2*l - 3*q - 30, -q = z*l - 55. What are the prime factors of l?
13
Let f(g) = 2*g + 63. List the prime factors of f(0).
3, 7
Let b(p) = -17*p. Let u be b(1). What are the prime factors of 1/((-2)/(-6)) - u?
2, 5
Let f(i) be the third derivative of i**5/12 - i**3/6 - 2*i**2. What are the prime factors of f(1)?
2
Let p = -54 + 185. List the prime factors of p.
131
What are the prime factors of (-840)/(-12) + 4/(-2)?
2, 17
Let i be 30/4*4/6. Suppose 80 + 45 = i*y. What are the prime factors of y?
5
Let g be -1 + 104 + 4/2. Let l be (g/12)/(-5)*-8. List the prime factors of (2/4)/(1/l).
7
Suppose 5*j + 18 = 83. Suppose -10*k + 8*k - 2 = 0. Let q = j + k. List the prime factors of q.
2, 3
Suppose 4*m - 1 = -9. List the prime factors of 7 - (-4 - (m - 0)).
3
Let p be 3/(-1) + 3 - 9. Let m = -7 - p. Suppose -m*t + 5*j + 39 = 0, 0*t + 18 = t - 2*j. List the prime factors of t.
2, 3
Let i(w) = 5*w - 3. Let n(j) = -6*j + 2. Let q(c) = -5*i(c) - 4*n(c). List the prime factors of q(-6).
13
Suppose 6*d = 10*d - 232. What are the prime factors of d?
2, 29
Suppose 2*a - 2 = 0, r + 0*a - a = 10. Suppose n + 5 = r. What are the prime factors of n?
2, 3
Suppose -2*n + 65 = 3*n. List the prime factors of n.
13
Let g(n) = n - 2. Let m be 3*(-6)/(-9) - 0. Let j be -20*m*3/(-15). What are the prime factors of g(j)?
2, 3
Let g = 56 - 29. Suppose -g = -h + 4. Suppose 0 = 5*k - k - 5*l - h, 24 = 3*k - 3*l. What are the prime factors of k?
3
Let r = -126 - -308. What are the prime factors of r?
2, 7, 13
Let o(i) = i**2 + 6*i + 3. List the prime factors of o(-7).
2, 5
Suppose -r = t + 4*r - 144, 2*t - 274 = -3*r. List the prime factors of t.
2, 67
Let c(a) = -a**3 - 7*a**2 + 7*a + 7. Let i be c(-8). Let p be (-30)/(-1)*6/i. Suppose m = 2*m - p. List the prime factors of m.
2, 3
Let m(a) = 12*a**3 - 2*a - 9*a**3 - 4*a**3 + 7*a**2 + 4. What are the prime factors of m(6)?
2, 7
Let d(m) = m + 15. What are the prime factors of d(7)?
2, 11
Let q(w) be the first derivative of 4 + 0*w**2 + 2*w + 1/3*w**3. List the prime factors of q(3).
11
Let b(r) = 5*r**3 - r. Let n = 17 - 12. Suppose 6*u = u + n. What are the prime factors of b(u)?
2
List the prime factors of (-1287)/(-24) + 3/8.
2, 3
Let v(r) = 2 + 4 - 4 + 4*r - 3*r + 2*r**2. What are the prime factors of v(-2)?
2
What are the prime factors of 9/(-3) + 6 - 76/(-1)?
79
Let l = 31 + -19. What are the prime factors of l?
2, 3
Let t(i) be the second derivative of i**7/2520 - i**6/720 - i**5/40 - i**4/4 - i. Let y(b) be the third derivative of t(b). What are the prime factors of y(4)?
3
Suppose o + 14 = -4*b, 3*b + 8 = -4. Let a(i) = -8*i**2 - i**3 + 8*i + o*i**3 - 12 + 9*i**2 + 11*i**2. What are the prime factors of a(-11)?
3, 7
Suppose -2*b + 4*b + 10 = 0. Let q = 9 + b. List the prime factors of q.
2
List the prime factors of 8/(-36) + (-130)/(-18).
7
Let g(q) = -7*q**2 - 4*q - 5. Let v(z) = -6*z**2 - 4*z - 4. Let d(n) = -5*g(n) + 6*v(n). List the prime factors of d(-3).
2
Suppose -a - 4 = -3*a. Let v = 16 - 10. Suppose -4*b + a*r + 8 = -4, -v = -3*r. List the prime factors of b.
2
Suppose w + 3*c = -11, 2*c = -4*w + 2*w - 2. Suppose 50 = 5*z - w*s, z - 2*z + 2*s + 16 = 0. What are the prime factors of z?
2, 3
Let c(f) = 7*f + 2. Let x be c(4). Suppose -2*u - x = -4*t, -26 = -4*t + u + 3. What are the prime factors of t?
7
Let a(s) = -26*s - 8. What are the prime factors of a(-2)?
2, 11
Suppose -18 = -4*j + 6*j. Suppose -11*t + 6*t + 75 = 0. Let n = j + t. List the prime factors of n.
2, 3
Let x(f) = f**2 - 4*f. Let r be x(4). Suppose -4*d + 50 = -0*h + 2*h, r = -4*h - 12. List the prime factors of d.
2, 7
Suppose 3*p - 9*p + 66 = 0. What are the prime factors of p?
11
Let a be 144/30*(-10)/3. What are the prime factors of (42/(-8))/(6/a)?
2, 7
Let u = 78 + 6. What are the prime factors of u?
2, 3, 7
Let o(b) = -b**3 - 8*b**2 + 7*b - 12. Let q be o(-9). Let h(m) = 2*m**2 - 6*m - 3. List the prime factors of h(q).
3, 11
Suppose -3*g + 0*g + 114 = 0. What are the prime factors of g?
2, 19
Let r(w) = -4*w + 12. Let p be r(-12). Suppose -3*t = -15, -4*f + 3*f = 2*t - p. What are the prime factors of f?
2, 5
Suppose 20*y - 21*y + 65 = 0. List the prime factors of y.
5, 13
Let o = 330 - 118. List the prime factors of o.
2, 53
Let t = -4 + 28. Let p = t + 9. List the prime factors of p.
3, 11
Suppose 0 = c + 1 - 7. Let j(i) = i**3 - 7*i**2 + 8*i - 8. Let o be j(c). What are the prime factors of -3 + o - (-2 - -1)?
2
Let a(o) = 2*o**2 - 2*o + 4. What are the prime factors of a(7)?
2, 11
Let h(l) = 6*l - 5. Suppose v + 2*v - 15 = 0. List the prime factors of h(v).
5
Let q = 34 - 30. What are the prime factors of q?
2
Let u be (-2)/(-8) - (-17)/(-4). List the prime factors of 2 - (-1 + 2 + u).
5
Let w = 68 + -20. List the prime factors of w.
2, 3
Let p = 5 - 4. Let g(x) = 2*x**3 + 2*x**2 - x. Let m be g(p). What are the prime factors of 0/(-2) + (m - -9)?
2, 3
Let r = -32 - -71. What are the prime factors of r?
3, 13
Suppose x = -0*x + 51. Suppose -9 = -5*r + x. What are the prime factors of r?
2, 3
Let c = -6 + 41. List the prime factors of c.
5, 7
Suppose 3*u = -u - 4*s - 4, -2*u + 4*s + 22 = 0. Suppose 4*o - 26 = u*o. List the prime factors of o.
2, 13
Let u(c) = c**3 - 4*c**2 + 3*c + 3. Let d be u(3). Suppose 0 = -13*t + 16*t. Let k = d + t. What are the prime factors of k?
3
Let b be (-18)/24 + 118/8. List the prime factors of (-34)/(-6) - b/21.
5
Let q(s) = -3*s**3 - 9*s**2 - 8. Let j(c) = -4*c**3 - 10*c**2 - c - 9. Let b(y) = -4*j(y) + 5*q(y). List the prime factors of b(5).
2
Let c be (-108)/(-14) + (-6)/(-21). Suppose -3*a - c = -2. Let y(w) = -w. What are the prime factors of y(a)?
2
Let a be (-1)/(-2) + (-10)/(-4). Suppose -4*y = a*g - 26, 3*y = 8*y - 5*g - 50. L